t**2/2 + 34*t - 2. What are the prime factors of a(r)?
2, 3
Let o = 192 + 640. Let y(l) = o*l**2 + 0*l + 6 - l - 826*l**2 - 5*l + 27*l**3. List the prime factors of y(2).
2, 3, 13
Suppose -13*f + 219980 = -620171. List the prime factors of f.
64627
Let f(j) = 2115*j - 766. List the prime factors of f(7).
101, 139
List the prime factors of -1068*((-28)/252 + (-514)/18).
2, 43, 89
Let g(t) be the second derivative of t**5/20 + 5*t**4/12 - 10*t**3/3 + 9*t**2 + t + 34. What are the prime factors of g(7)?
2, 233
Let l be (0 - -2)*15/6. Let x(v) = 25*v - 3. Let r(f) = 25*f - 3. Let w(g) = l*x(g) - 4*r(g). List the prime factors of w(1).
2, 11
Let t(k) be the first derivative of 2*k**2 - 26*k - 10. Let f be t(6). List the prime factors of (-278)/(-8) + f/(-8).
5, 7
Suppose 0 = 18*n - 21*n + 5*x + 15009, 2*n = 7*x + 9995. What are the prime factors of n?
2, 313
Suppose -u = u. Let a = -91 + 96. Suppose a*p - 3*p - 178 = u. What are the prime factors of p?
89
Suppose 22*c - 30*c + 3032 = 0. Let w = -342 + c. List the prime factors of w.
37
Let s(h) = h**3 - 5*h**2 + 3*h - 7. Suppose -5*c + p + 14 = -3, -2*p + 8 = 4*c. Suppose -5*i + c + 2 = q, -4*q - 5*i = -20. List the prime factors of s(q).
2
Let x = 20379 + -12029. What are the prime factors of x?
2, 5, 167
Suppose h + 119 = -4*n - 34, -171 = h - 5*n. What are the prime factors of (-23)/(h/2562) + 6?
2, 3, 31
Suppose 34022 + 35801 = 41*v. Suppose 1639 = j - 3*x, 4*j - x = -v + 8215. What are the prime factors of j?
1627
Let p be (-3)/(-6) + (-71892)/(-24). Suppose 9*z - 12545 = -p. List the prime factors of z.
1061
Let j(l) be the first derivative of -67*l**2/2 - 212*l - 178. List the prime factors of j(-7).
257
Suppose 7 = -k - 3*u - 0*u, u = 0. Let t be 4/3 + k/(21/(-2)). Suppose 550 = 5*r - 5*d, -5*d - 446 = -4*r - t. List the prime factors of r.
2, 53
Let f(n) = 8*n**2 - 72*n. Let b be f(9). Suppose 13*h - 11899 - 9421 = b. What are the prime factors of h?
2, 5, 41
Suppose 8*p - 4*p - 236 = -j, p - j = 59. What are the prime factors of p?
59
Let x(o) = -o**3 - 100*o**2 - 518*o + 400. List the prime factors of x(-96).
2, 829
Let v be 289 + 2/(-7) + 104/(-28). Suppose -3*n = 0, v + 183 = 4*a + n. What are the prime factors of a?
3, 13
Suppose -5*f = u + 139, 0*u + 345 = -3*u + 3*f. Let q = 174 + u. What are the prime factors of q?
5, 11
Let a(d) = 85*d**2 - 24*d - 19. What are the prime factors of a(14)?
3, 5, 1087
Suppose -4*z - r + 26 = 0, 6 = 4*z - 2*z + 4*r. Suppose z*h - 8*h + 670 = -2*n, 3*h = -3*n + 2028. List the prime factors of h.
2, 337
Suppose 93*j - 260250 = -40491. What are the prime factors of j?
17, 139
Suppose -5*d + 162 + 258 = 0. What are the prime factors of (131/(-2))/((-14)/d)?
3, 131
Let k(c) = -17*c**3 + 13*c**2 - 16*c - 20. List the prime factors of k(-9).
2, 5, 23, 59
Let w(n) be the first derivative of n**4/4 - 37*n**3/3 + 25*n**2/2 - 47*n + 209. What are the prime factors of w(37)?
2, 439
Let v = 12309 - 7844. What are the prime factors of v?
5, 19, 47
List the prime factors of ((-561116926)/(-235))/34 + (-4)/10.
3, 17
Suppose -77*u + 64*u + 85064 = 235*u. List the prime factors of u.
7
Suppose 44*n + 184310 = 377506 + 775904. List the prime factors of n.
5, 881
Let j(s) = 2*s**3 + 12*s**2 + 7*s - 5. Let p be j(-4). Let q(o) = p*o - 47*o + 17 - 5. List the prime factors of q(-6).
2, 3
Let v(x) = 24*x**2 - 2*x + 2. Let l be v(1). Suppose 4*g - l = -0*g. List the prime factors of (g - 32)*(0 + -8).
2, 13
Let f(w) = -27*w + 1973. What are the prime factors of f(-13)?
2, 7, 83
Let t(r) = 8*r - 25. Let n(x) = x**2 - 8*x + 27. Let j(o) = 4*n(o) + 5*t(o). Suppose -3*m - 10 = -5*h, -m = h + h - 15. List the prime factors of j(m).
3, 41
Suppose 0 = -61*v + 748320 - 108247. What are the prime factors of v?
7, 1499
Let c(j) = 35*j**2 - 236*j - 4094. List the prime factors of c(-26).
2, 71, 181
Suppose -7*f + 18 = -3. Let o(c) = 5 + c**f + c - 2*c**3 + 0*c**3 + 2*c**3 + 10*c**2. What are the prime factors of o(-9)?
7, 11
Suppose 4*q + 2*j = -25 - 21, -42 = 3*q + 4*j. What are the prime factors of 10965/204*(-4)/q*72?
2, 3, 43
Let s(w) = 888*w**2 + 136*w + 567. List the prime factors of s(-4).
7, 19, 107
Let u(f) be the first derivative of 2*f**2 - 5. Let x be u(1). Suppose -583 = -c - 4*c - n, -5*n + 458 = x*c. What are the prime factors of c?
3, 13
Let r be ((-280)/196)/((-2)/112). Suppose c = 4*c. Suppose 3*i + k - 60 = c, -5*i + 5*k = -0*k - r. What are the prime factors of i?
19
Let n = 15 - 13. Suppose -3*o - i + 297 = 2*i, n*o = -5*i + 201. List the prime factors of o.
2, 7
Let n(b) be the first derivative of b**4/4 + 4*b**3 - 3*b**2/2 + 10*b + 1. Let c = -240 + 228. What are the prime factors of n(c)?
2, 23
Suppose 32*o - 31*o = 155. What are the prime factors of o?
5, 31
Suppose 18*b = 126 - 1116. Let j(i) = -10*i**3 + 2*i**2 + 4*i. Let q be j(-3). Let v = b + q. List the prime factors of v.
13, 17
Let c be (-1)/(2/(-8)) - 2 - 0. Suppose -5*q + 27 = -r + 5, -c*r = q. What are the prime factors of 5*(0 + ((-32)/(-20))/q)?
2
Suppose -g + 3*x + 3022 = 0, g + 3*x + 1414 = 4406. Suppose 4*p + 1139 = g. Suppose 611 = 7*t - p. What are the prime factors of t?
2, 7, 11
Let c be -1 - (-2 - 1)*1. Suppose c*g = -0*g + 148. Suppose g = 2*t + 4*u, 3*t - 114 = -2*u - 11. What are the prime factors of t?
3, 11
Suppose 5*v - 84245 = -5*i, -84273 = -5*i + 34*v - 35*v. List the prime factors of i.
2, 7, 43
Suppose -27*q + 51431 = -85864. What are the prime factors of q?
3, 5, 113
Let c(u) = 2*u**3 + 2*u**2 + 49*u - 219. List the prime factors of c(27).
2, 3, 1747
Let b = 9 - 5. Suppose -b*s - 708 = -10*s. Let y = -49 + s. What are the prime factors of y?
3, 23
Let d = 3147 + 6192. List the prime factors of d.
3, 11, 283
Let i = 34340 - 24292. List the prime factors of i.
2, 157
Let d be 1/(-3) + 40/12. Let j be d*1/3*15. Let f = 35 - j. List the prime factors of f.
2, 5
Let s(y) = y**3 + y**2. Let h be s(1). Let f(r) = -11*r**2 - 9*r + 4. Let m be f(1). List the prime factors of (-6)/h*m/12.
2
Let a = 72 - -22. Suppose -229 + a = -3*x. List the prime factors of x.
3, 5
Let j(r) = 2*r**2 - 9*r - 11. Let m be j(11). Suppose 131*d = m*d + 2. Let o(z) = -72*z + 13. What are the prime factors of o(d)?
157
Let x(o) be the third derivative of -o**5/10 - 13*o**4/24 - 10*o**3/3 + o**2. Let u be x(-11). What are the prime factors of (6/18)/((-3)/u)?
67
Suppose -3 = -5*f + 17. Suppose -2*t - f*r + 14 = 0, -2*r + 4*r - 22 = -4*t. Suppose t*m - 306 = -3*u + 59, 3*m + 4*u = 230. List the prime factors of m.
2, 5, 7
Let k(v) = 23*v**2 - 213*v - 138. List the prime factors of k(18).
2, 3, 5, 29
Let c(b) = 1393*b**3 - 2*b**2 - 112*b + 227. What are the prime factors of c(2)?
3, 47, 79
Let y = 7845 - 2482. What are the prime factors of y?
31, 173
Let c(r) = -14456*r + 733. What are the prime factors of c(-2)?
5, 7, 11
Let b be 4/36 + 546/(-54). What are the prime factors of (-1366)/(-5) + 12/b?
2, 17
Let c(n) = 6*n**2 + 7*n + 57. Suppose 0 = -26*b - 76 - 54. What are the prime factors of c(b)?
2, 43
Let c = -233 - -223. List the prime factors of (-815)/(-3) + c/15.
271
Let h = -439 - -502. Let n = 69 + h. List the prime factors of n.
2, 3, 11
Let k be 2/10 - (-24)/5. Suppose -2*l + 24 + 124 = 0. List the prime factors of k + (l - -2) - 4/1.
7, 11
Let p = 29 - 8. Suppose 0*b + 7*b - p = 0. Suppose -b*t + 3 = -6, 3*v - 150 = t. What are the prime factors of v?
3, 17
Suppose 2*b - 70 = -4*x - 214, -5*x - 206 = -4*b. Let a(h) = -h**3 - 39*h**2 - 59*h + 31. List the prime factors of a(x).
829
Let l(m) = -m**3 - 4*m**2 - 5. Let c be l(-4). Let w(b) = 11*b**2 + 11*b + 24. List the prime factors of w(c).
2, 61
Let g = 12128 + -6828. List the prime factors of g.
2, 5, 53
Suppose -1870*x + 1873*x = 2*p - 1821, 0 = 5*x + 5. What are the prime factors of p?
3, 101
Let d(a) = a**3 + 9*a**2 + 9*a + 2. Let v be d(-6). Let m = v + -54. What are the prime factors of 4/(-20) - (-161)/5 - m?
2, 3, 5
Let b(s) be the first derivative of -s**4/4 + 5*s**3/3 - 2*s**2 + 32. Let t be (6/(-2))/(7/(-7)). List the prime factors of b(t).
2, 3
Let f(z) = -3*z**2 - 101*z + 62*z + 1 - 18 - z**2. List the prime factors of f(-7).
2, 3, 5
Let l(h) = -h**2 - 10*h - 23. Let x be l(-7). Let i be x/3 - (-2492)/12. Suppose 0 = -10*n + 7*n + i. 